{"id":1644,"date":"2023-10-03T09:14:04","date_gmt":"2023-10-03T09:14:04","guid":{"rendered":"https:\/\/grafiquescondal.cat\/?page_id=1644"},"modified":"2024-12-15T09:05:02","modified_gmt":"2024-12-15T09:05:02","slug":"politica-y-legal","status":"publish","type":"page","link":"https:\/\/www.graficascondal.com\/index.php\/politica-y-legal\/","title":{"rendered":"Pol\u00edtica y Legal"},"content":{"rendered":"\t\t<div data-elementor-type=\"wp-page\" data-elementor-id=\"1644\" class=\"elementor elementor-1644\">\n\t\t\t\t<div class=\"elementor-element elementor-element-c2d5705 e-flex e-con-boxed e-con e-parent\" data-id=\"c2d5705\" data-element_type=\"container\" data-settings=\"{&quot;background_background&quot;:&quot;classic&quot;}\">\n\t\t\t\t\t<div class=\"e-con-inner\">\n\t\t\t\t<div class=\"elementor-element elementor-element-eb37397 elementor-widget elementor-widget-heading\" data-id=\"eb37397\" data-element_type=\"widget\" data-widget_type=\"heading.default\">\n\t\t\t\t<div class=\"elementor-widget-container\">\n\t\t\t<h2 class=\"elementor-heading-title elementor-size-default\">Pol\u00edtica de Privacidad<\/h2>\t\t<\/div>\n\t\t\t\t<\/div>\n\t\t\t\t<div class=\"elementor-element elementor-element-b36fc35 elementor-widget elementor-widget-text-editor\" data-id=\"b36fc35\" data-element_type=\"widget\" data-widget_type=\"text-editor.default\">\n\t\t\t\t<div class=\"elementor-widget-container\">\n\t\t\t\t\t\t\t<p>El sitio web https:\/\/www.graficascondal.com\/ es propiedad de Gr\u00e1ficas Condal, SA, en lo sucesivo, la empresa.<\/p>\n<p><span style=\"font-style: inherit; font-weight: inherit; background-color: var( --e-global-color-astglobalcolor5 ); color: var(--ast-global-color-3);\">La presente pol\u00edtica de privacidad tiene por objeto proporcionar informaci\u00f3n sobre c\u00f3mo la empresa trata sus datos personales de acuerdo con la normativa vigente en materia de protecci\u00f3n de datos de car\u00e1cter personal.<\/span><\/p>\n<p><span style=\"font-style: inherit; background-color: var( --e-global-color-astglobalcolor5 ); color: var(--ast-global-color-3);\"><b>Responsable del Tratamiento<\/b><\/span><\/p>\n<p>La p\u00e1gina web es titularidad de Gr\u00e1ficas Condal, SA.<\/p>\n<p><span style=\"font-style: inherit; font-weight: inherit; background-color: var( --e-global-color-astglobalcolor5 ); color: var(--ast-global-color-3);\">Puede contactar con el Delegado de Protecci\u00f3n de Datos dirigiendo un correo electr\u00f3nico a info@graficascondal.com, o un escrito en Carretera de Moncada, 750, nave 12, 08227 Terrassa, Barcelona.<\/span><\/p>\n<p><span style=\"font-style: inherit; background-color: var( --e-global-color-astglobalcolor5 ); color: var(--ast-global-color-3);\"><b>Tratamientos de datos<\/b><\/span><\/p>\n<p>A continuaci\u00f3n se realiza una descripci\u00f3n ampliada de los tratamientos de datos efectuados por la empresa en el presente sitio web:<\/p>\n<ul>\n<li><span style=\"font-style: inherit; background-color: var( --e-global-color-astglobalcolor5 ); color: var(--ast-global-color-3);\">Responsable del Tratamiento <b>Gr\u00e1ficas Condal, SA<\/b><\/span><\/li>\n<li>Tratamiento <b>GESTI\u00d3N COMERCIAL Y ATENCI\u00d3N AL CLIENTE<\/b><\/li>\n<li>Finalidad <b>Gesti\u00f3n de procesos comerciales y atenci\u00f3n al cliente<\/b><\/li>\n<li>Legitimaci\u00f3n <b>Consentimiento de la parte interesada<\/b><\/li>\n<li>Plazo de conservaci\u00f3n Sus datos ser\u00e1n conservados mientras dure la gesti\u00f3n comercial y, una vez finalizado, a lo sumo se conservar\u00e1n durante un a\u00f1o<\/li>\n<li>Destinatarios <i>No se ceder\u00e1n datos a terceros salvo obligaci\u00f3n legal<\/i><\/li>\n<\/ul>\n<p>&nbsp; \u00bfEs obligatorio facilitar todos los datos?<\/p>\n<p>Cuando se soliciten datos para tramitar la acci\u00f3n deseada, se informar\u00e1 del car\u00e1cter necesario de los datos que se consideren imprescindibles. Si no se facilitan los datos obligatorios, no ser\u00e1 posible tramitar la solicitud efectuada.<\/p>\n<p><\/p>\n<p>\u00bfC\u00f3mo puede ejercer sus derechos?<\/p>\n<p>Cuando el tratamiento de sus datos personales est\u00e9 basado en su consentimiento podr\u00e1 revocar la autorizaci\u00f3n que dio en cualquier momento dirigi\u00e9ndose por escrito a la direcci\u00f3n de correo electr\u00f3nico info@graficascondal.com, o por correo postal a Carretera de Moncada, 750, nave 12, 08227 Terrassa, Barcelona.<\/p>\n<p><\/p>\n<p>Puede ejercer sus derechos de acceso, rectificaci\u00f3n, supresi\u00f3n, oposici\u00f3n, portabilidad y limitaci\u00f3n del tratamiento dirigi\u00e9ndose por escrito a la direcci\u00f3n de correo electr\u00f3nico info@graficascondal.com, o por correo postal a Carretera de Moncada, 750, nave 12, 08227 Terrassa, Barcelona.<\/p>\n<p><\/p>\n<p>En cualquier caso, su solicitud deber\u00e1 ir acompa\u00f1ada de fotocopia de su Documento Nacional de Identidad, pasaporte o documento legal v\u00e1lido que le identifique.<\/p>\n<p><\/p>\n<p>Gr\u00e1ficas Condal, SA le informar\u00e1 sobre las actuaciones derivadas de su petici\u00f3n en el plazo de un mes. En caso de tratarse de solicitudes especialmente complejas, se puede ampliar el plazo dos meses m\u00e1s (por tanto, hasta un m\u00e1ximo de tres meses), siempre informando de la ampliaci\u00f3n del plazo dentro del primer mes.<\/p>\n<p><\/p>\n<p>Si considera que no hemos dado una respuesta adecuada a su solicitud, puede presentar una reclamaci\u00f3n ante la Autoridad de control competente.<\/p>\t\t\t\t\t\t<\/div>\n\t\t\t\t<\/div>\n\t\t\t\t\t<\/div>\n\t\t\t\t<\/div>\n\t\t<div class=\"elementor-element elementor-element-a47c63d e-flex e-con-boxed e-con e-parent\" data-id=\"a47c63d\" data-element_type=\"container\" data-settings=\"{&quot;background_background&quot;:&quot;classic&quot;}\">\n\t\t\t\t\t<div class=\"e-con-inner\">\n\t\t\t\t<div class=\"elementor-element elementor-element-c0bba16 elementor-widget elementor-widget-heading\" data-id=\"c0bba16\" data-element_type=\"widget\" data-widget_type=\"heading.default\">\n\t\t\t\t<div class=\"elementor-widget-container\">\n\t\t\t<h2 class=\"elementor-heading-title elementor-size-default\">Pol\u00edtica de Cookies<\/h2>\t\t<\/div>\n\t\t\t\t<\/div>\n\t\t\t\t<div class=\"elementor-element elementor-element-d244436 elementor-widget elementor-widget-text-editor\" data-id=\"d244436\" data-element_type=\"widget\" data-widget_type=\"text-editor.default\">\n\t\t\t\t<div class=\"elementor-widget-container\">\n\t\t\t\t\t\t\t<p><strong>Lorem Ipsum<\/strong>\u00a0es simplemente el texto de relleno de las imprentas y archivos de texto. Lorem Ipsum ha sido el texto de relleno est\u00e1ndar de las industrias desde el a\u00f1o 1500, cuando un impresor (N. del T. persona que se dedica a la imprenta) desconocido us\u00f3 una galer\u00eda de textos y los mezcl\u00f3 de tal manera que logr\u00f3 hacer un libro de textos especimen. No s\u00f3lo sobrevivi\u00f3 500 a\u00f1os, sino que tambien ingres\u00f3 como texto de relleno en documentos electr\u00f3nicos, quedando esencialmente igual al original. Fue popularizado en los 60s con la creaci\u00f3n de las hojas \u00abLetraset\u00bb, las cuales contenian pasajes de Lorem Ipsum, y m\u00e1s recientemente con software de autoedici\u00f3n, como por ejemplo Aldus PageMaker, el cual incluye versiones de Lorem Ipsum.<\/p>\t\t\t\t\t\t<\/div>\n\t\t\t\t<\/div>\n\t\t\t\t\t<\/div>\n\t\t\t\t<\/div>\n\t\t<div class=\"elementor-element elementor-element-21a6eb7 e-flex e-con-boxed e-con e-parent\" data-id=\"21a6eb7\" data-element_type=\"container\" data-settings=\"{&quot;background_background&quot;:&quot;classic&quot;}\">\n\t\t\t\t\t<div class=\"e-con-inner\">\n\t\t\t\t<div class=\"elementor-element elementor-element-475dda5 elementor-widget elementor-widget-heading\" data-id=\"475dda5\" data-element_type=\"widget\" data-widget_type=\"heading.default\">\n\t\t\t\t<div class=\"elementor-widget-container\">\n\t\t\t<h2 class=\"elementor-heading-title elementor-size-default\">Aviso Legal<\/h2>\t\t<\/div>\n\t\t\t\t<\/div>\n\t\t\t\t<div class=\"elementor-element elementor-element-453c484 elementor-widget elementor-widget-text-editor\" data-id=\"453c484\" data-element_type=\"widget\" data-widget_type=\"text-editor.default\">\n\t\t\t\t<div class=\"elementor-widget-container\">\n\t\t\t\t\t\t\t<p><b>Titular del Sitio web<br \/><\/b>En cumplimiento del art\u00edculo 10 de la ley 34\/2002, de 11 de julio, de servicios de la sociedad de la informaci\u00f3n y comercio electr\u00f3nico, se informa que nuestra p\u00e1gina web https:\/\/www.graficascondal.com\/ ( en adelante, el Sitio web) es propiedad de Gr\u00e1ficas Condal, SA(en adelante, Empresa) con N\u00famero de Identificaci\u00f3n Fiscal A08215394, situada en Carretera de Moncada, 750, nave 12, 08227 Terrassa, Barcelona, tel\u00e9fono 937857245 y correo electr\u00f3nico info@graficascondal.com<\/p><p>La utilizaci\u00f3n del Sitio Web est\u00e1 sujeta a las siguientes condiciones de uso. Le rogamos que las lea atentamente. El hecho de acceder a la web y utilizar los materiales contenidos en ella implica que usted ha le\u00eddo y acepta, sin reserva, estas condiciones.<\/p><p><b>1.- Acceso al Sitio web<br \/><\/b>1.1 El simple acceso al Sitio Web es gratuito, excepto en el coste de la conexi\u00f3n a trav\u00e9s de la red de telecomunicaciones suministrada por el proveedor de acceso contratado por el usuario.<\/p><p>1.2 Con car\u00e1cter general, para el simple acceso a los contenidos del Sitio Web no ser\u00e1 necesario el registro del usuario, si bien la utilizaci\u00f3n de los servicios a clientes s\u00ed podr\u00e1 estar condicionada a su registro previo.<\/p><p>1.3 Los datos introducidos por el usuario tendr\u00e1n que ser exactos, actuales y veraces en todo momento. En caso de asignarle al usuario registrado un password, \u00e9ste ser\u00e1 responsable en todo momento de su custodia, asumiendo en consecuencia cualesquiera da\u00f1os y perjuicios que pudieran derivarse de su uso indebido, as\u00ed como de la cesi\u00f3n, revelaci\u00f3n o p\u00e9rdida del mismo. A estos efectos, el acceso a \u00e1reas restringidas y\/o el uso de los servicios y contenidos bajo el password de un usuario registrado se reputar\u00e1n realizados por este usuario registrado, quien responder\u00e1 en todo caso de ese acceso y uso.<\/p><p><b>2.- Condiciones de uso y limitaci\u00f3n de responsabilidad<br \/><\/b>2.1 El Sitio Web contiene material preparado por la empresa, con fines \u00fanicamente informativos. El usuario debe tener en cuenta que tal material pudiera no reflejar el estado m\u00e1s reciente sobre las cuestiones analizadas. Asimismo, este material podr\u00e1 ser modificado, desarrollado o actualizado sin notificaci\u00f3n previa.<\/p><p>2.2 Quien utiliza la web lo hace por su propia cuenta y riesgo. La empresa no se responsabiliza de los errores u omisiones que puedan detectar el contenido de las mismas u otros a los que pueda accederse a trav\u00e9s de ellas. La empresa tampoco podr\u00e1 ser considerada responsable de ning\u00fan da\u00f1o derivado de la utilizaci\u00f3n de la web, ni por cualquier actuaci\u00f3n realizada en base a la informaci\u00f3n que en ellas se facilita.<\/p><p>2.3 La empresa no garantiza la ausencia de virus u otros elementos lesivos que pudieran causar da\u00f1os o alteraciones en el sistema inform\u00e1tico, en los documentos electr\u00f3nicos o en los ficheros del usuario del Sitio Web. En consecuencia, la empresa no responde por los da\u00f1os y perjuicios que estos elementos pudieran ocasionar al usuario o a terceros.<\/p>\t\t\t\t\t\t<\/div>\n\t\t\t\t<\/div>\n\t\t\t\t\t<\/div>\n\t\t\t\t<\/div>\n\t\t\t\t<\/div>\n\t\t","protected":false},"excerpt":{"rendered":"<p>Pol\u00edtica de Privacidad El sitio web https:\/\/www.graficascondal.com\/ es propiedad de Gr\u00e1ficas Condal, SA, en lo sucesivo, la empresa. La presente pol\u00edtica de privacidad tiene por objeto proporcionar informaci\u00f3n sobre c\u00f3mo la empresa trata sus datos personales de acuerdo con la normativa vigente en materia de protecci\u00f3n de datos de car\u00e1cter personal. Responsable del Tratamiento La &hellip;<\/p>\n<p class=\"read-more\"> <a class=\"\" href=\"https:\/\/www.graficascondal.com\/index.php\/politica-y-legal\/\"> <span class=\"screen-reader-text\">Pol\u00edtica y Legal<\/span> Leer m\u00e1s &raquo;<\/a><\/p>\n","protected":false},"author":1,"featured_media":0,"parent":0,"menu_order":9999,"comment_status":"closed","ping_status":"closed","template":"","meta":{"_uag_custom_page_level_css":"","site-sidebar-layout":"no-sidebar","site-content-layout":"page-builder","ast-site-content-layout":"full-width-container","site-content-style":"default","site-sidebar-style":"default","ast-global-header-display":"","ast-banner-title-visibility":"","ast-main-header-display":"","ast-hfb-above-header-display":"","ast-hfb-below-header-display":"","ast-hfb-mobile-header-display":"","site-post-title":"disabled","ast-breadcrumbs-content":"","ast-featured-img":"disabled","footer-sml-layout":"","theme-transparent-header-meta":"","adv-header-id-meta":"","stick-header-meta":"","header-above-stick-meta":"","header-main-stick-meta":"","header-below-stick-meta":"","astra-migrate-meta-layouts":"set","ast-page-background-enabled":"default","ast-page-background-meta":{"desktop":{"background-color":"var(--ast-global-color-4)","background-image":"","background-repeat":"repeat","background-position":"center center","background-size":"auto","background-attachment":"scroll","background-type":"","background-media":"","overlay-type":"","overlay-color":"","overlay-gradient":""},"tablet":{"background-color":"","background-image":"","background-repeat":"repeat","background-position":"center center","background-size":"auto","background-attachment":"scroll","background-type":"","background-media":"","overlay-type":"","overlay-color":"","overlay-gradient":""},"mobile":{"background-color":"","background-image":"","background-repeat":"repeat","background-position":"center center","background-size":"auto","background-attachment":"scroll","background-type":"","background-media":"","overlay-type":"","overlay-color":"","overlay-gradient":""}},"ast-content-background-meta":{"desktop":{"background-color":"var(--ast-global-color-5)","background-image":"","background-repeat":"repeat","background-position":"center center","background-size":"auto","background-attachment":"scroll","background-type":"","background-media":"","overlay-type":"","overlay-color":"","overlay-gradient":""},"tablet":{"background-color":"var(--ast-global-color-5)","background-image":"","background-repeat":"repeat","background-position":"center center","background-size":"auto","background-attachment":"scroll","background-type":"","background-media":"","overlay-type":"","overlay-color":"","overlay-gradient":""},"mobile":{"background-color":"var(--ast-global-color-5)","background-image":"","background-repeat":"repeat","background-position":"center center","background-size":"auto","background-attachment":"scroll","background-type":"","background-media":"","overlay-type":"","overlay-color":"","overlay-gradient":""}},"_themeisle_gutenberg_block_has_review":false,"footnotes":""},"class_list":["post-1644","page","type-page","status-publish","hentry"],"yoast_head":"<!-- This site is optimized with the Yoast SEO plugin v24.0 - https:\/\/yoast.com\/wordpress\/plugins\/seo\/ -->\n<title>Pol\u00edtica y Legal - Gr\u00e1ficas Condal SA - Soluciones de packaging personalizadas<\/title>\n<meta name=\"robots\" content=\"noindex, nofollow\" \/>\n<meta property=\"og:locale\" content=\"es_ES\" \/>\n<meta property=\"og:type\" content=\"article\" \/>\n<meta property=\"og:title\" content=\"Pol\u00edtica y Legal - Gr\u00e1ficas Condal SA - Soluciones de packaging personalizadas\" \/>\n<meta property=\"og:description\" content=\"Pol\u00edtica de Privacidad El sitio web https:\/\/www.graficascondal.com\/ es propiedad de Gr\u00e1ficas Condal, SA, en lo sucesivo, la empresa. La presente pol\u00edtica de privacidad tiene por objeto proporcionar informaci\u00f3n sobre c\u00f3mo la empresa trata sus datos personales de acuerdo con la normativa vigente en materia de protecci\u00f3n de datos de car\u00e1cter personal. Responsable del Tratamiento La &hellip; Pol\u00edtica y Legal Leer m\u00e1s &raquo;\" \/>\n<meta property=\"og:url\" content=\"https:\/\/www.graficascondal.com\/index.php\/politica-y-legal\/\" \/>\n<meta property=\"og:site_name\" content=\"Gr\u00e1ficas Condal SA - Soluciones de packaging personalizadas\" \/>\n<meta property=\"article:modified_time\" content=\"2024-12-15T09:05:02+00:00\" \/>\n<meta property=\"og:image\" content=\"https:\/\/www.graficascondal.com\/wp-content\/uploads\/2023\/10\/logoGC-1.png\" \/>\n\t<meta property=\"og:image:width\" content=\"2048\" \/>\n\t<meta property=\"og:image:height\" content=\"2183\" \/>\n\t<meta property=\"og:image:type\" content=\"image\/png\" \/>\n<meta name=\"twitter:card\" content=\"summary_large_image\" \/>\n<meta name=\"twitter:label1\" content=\"Tiempo de lectura\" \/>\n\t<meta name=\"twitter:data1\" content=\"5 minutos\" \/>\n<script type=\"application\/ld+json\" class=\"yoast-schema-graph\">{\"@context\":\"https:\/\/schema.org\",\"@graph\":[{\"@type\":\"WebPage\",\"@id\":\"https:\/\/www.graficascondal.com\/index.php\/politica-y-legal\/\",\"url\":\"https:\/\/www.graficascondal.com\/index.php\/politica-y-legal\/\",\"name\":\"Pol\u00edtica y Legal - Gr\u00e1ficas Condal SA - Soluciones de packaging personalizadas\",\"isPartOf\":{\"@id\":\"https:\/\/www.graficascondal.com\/#website\"},\"datePublished\":\"2023-10-03T09:14:04+00:00\",\"dateModified\":\"2024-12-15T09:05:02+00:00\",\"breadcrumb\":{\"@id\":\"https:\/\/www.graficascondal.com\/index.php\/politica-y-legal\/#breadcrumb\"},\"inLanguage\":\"es\",\"potentialAction\":[{\"@type\":\"ReadAction\",\"target\":[\"https:\/\/www.graficascondal.com\/index.php\/politica-y-legal\/\"]}]},{\"@type\":\"BreadcrumbList\",\"@id\":\"https:\/\/www.graficascondal.com\/index.php\/politica-y-legal\/#breadcrumb\",\"itemListElement\":[{\"@type\":\"ListItem\",\"position\":1,\"name\":\"Portada\",\"item\":\"https:\/\/www.graficascondal.com\/\"},{\"@type\":\"ListItem\",\"position\":2,\"name\":\"Pol\u00edtica y Legal\"}]},{\"@type\":\"WebSite\",\"@id\":\"https:\/\/www.graficascondal.com\/#website\",\"url\":\"https:\/\/www.graficascondal.com\/\",\"name\":\"Gr\u00e1ficas Condal SA - Soluciones de packaging personalizadas\",\"description\":\"Desde hace m\u00e1s de 60 a\u00f1os, producimos soluciones de packaging personalizadas con la m\u00e1xima calidad\",\"publisher\":{\"@id\":\"https:\/\/www.graficascondal.com\/#organization\"},\"alternateName\":\"Gr\u00e1ficas Condal\",\"potentialAction\":[{\"@type\":\"SearchAction\",\"target\":{\"@type\":\"EntryPoint\",\"urlTemplate\":\"https:\/\/www.graficascondal.com\/?s={search_term_string}\"},\"query-input\":{\"@type\":\"PropertyValueSpecification\",\"valueRequired\":true,\"valueName\":\"search_term_string\"}}],\"inLanguage\":\"es\"},{\"@type\":\"Organization\",\"@id\":\"https:\/\/www.graficascondal.com\/#organization\",\"name\":\"Gr\u00e1ficas Condal SA\",\"alternateName\":\"Gr\u00e1ficas Condal\",\"url\":\"https:\/\/www.graficascondal.com\/\",\"logo\":{\"@type\":\"ImageObject\",\"inLanguage\":\"es\",\"@id\":\"https:\/\/www.graficascondal.com\/#\/schema\/logo\/image\/\",\"url\":\"https:\/\/www.graficascondal.com\/wp-content\/uploads\/2023\/10\/logoGC-1.png\",\"contentUrl\":\"https:\/\/www.graficascondal.com\/wp-content\/uploads\/2023\/10\/logoGC-1.png\",\"width\":2048,\"height\":2183,\"caption\":\"Gr\u00e1ficas Condal SA\"},\"image\":{\"@id\":\"https:\/\/www.graficascondal.com\/#\/schema\/logo\/image\/\"},\"sameAs\":[\"https:\/\/www.linkedin.com\/company\/graficas-condal-s-a-\/\"]}]}<\/script>\n<!-- \/ Yoast SEO plugin. -->","yoast_head_json":{"title":"Pol\u00edtica y Legal - Gr\u00e1ficas Condal SA - Soluciones de packaging personalizadas","robots":{"index":"noindex","follow":"nofollow"},"og_locale":"es_ES","og_type":"article","og_title":"Pol\u00edtica y Legal - Gr\u00e1ficas Condal SA - Soluciones de packaging personalizadas","og_description":"Pol\u00edtica de Privacidad El sitio web https:\/\/www.graficascondal.com\/ es propiedad de Gr\u00e1ficas Condal, SA, en lo sucesivo, la empresa. La presente pol\u00edtica de privacidad tiene por objeto proporcionar informaci\u00f3n sobre c\u00f3mo la empresa trata sus datos personales de acuerdo con la normativa vigente en materia de protecci\u00f3n de datos de car\u00e1cter personal. Responsable del Tratamiento La &hellip; Pol\u00edtica y Legal Leer m\u00e1s &raquo;","og_url":"https:\/\/www.graficascondal.com\/index.php\/politica-y-legal\/","og_site_name":"Gr\u00e1ficas Condal SA - Soluciones de packaging personalizadas","article_modified_time":"2024-12-15T09:05:02+00:00","og_image":[{"width":2048,"height":2183,"url":"https:\/\/www.graficascondal.com\/wp-content\/uploads\/2023\/10\/logoGC-1.png","type":"image\/png"}],"twitter_card":"summary_large_image","twitter_misc":{"Tiempo de lectura":"5 minutos"},"schema":{"@context":"https:\/\/schema.org","@graph":[{"@type":"WebPage","@id":"https:\/\/www.graficascondal.com\/index.php\/politica-y-legal\/","url":"https:\/\/www.graficascondal.com\/index.php\/politica-y-legal\/","name":"Pol\u00edtica y Legal - Gr\u00e1ficas Condal SA - Soluciones de packaging personalizadas","isPartOf":{"@id":"https:\/\/www.graficascondal.com\/#website"},"datePublished":"2023-10-03T09:14:04+00:00","dateModified":"2024-12-15T09:05:02+00:00","breadcrumb":{"@id":"https:\/\/www.graficascondal.com\/index.php\/politica-y-legal\/#breadcrumb"},"inLanguage":"es","potentialAction":[{"@type":"ReadAction","target":["https:\/\/www.graficascondal.com\/index.php\/politica-y-legal\/"]}]},{"@type":"BreadcrumbList","@id":"https:\/\/www.graficascondal.com\/index.php\/politica-y-legal\/#breadcrumb","itemListElement":[{"@type":"ListItem","position":1,"name":"Portada","item":"https:\/\/www.graficascondal.com\/"},{"@type":"ListItem","position":2,"name":"Pol\u00edtica y Legal"}]},{"@type":"WebSite","@id":"https:\/\/www.graficascondal.com\/#website","url":"https:\/\/www.graficascondal.com\/","name":"Gr\u00e1ficas Condal SA - Soluciones de packaging personalizadas","description":"Desde hace m\u00e1s de 60 a\u00f1os, producimos soluciones de packaging personalizadas con la m\u00e1xima calidad","publisher":{"@id":"https:\/\/www.graficascondal.com\/#organization"},"alternateName":"Gr\u00e1ficas Condal","potentialAction":[{"@type":"SearchAction","target":{"@type":"EntryPoint","urlTemplate":"https:\/\/www.graficascondal.com\/?s={search_term_string}"},"query-input":{"@type":"PropertyValueSpecification","valueRequired":true,"valueName":"search_term_string"}}],"inLanguage":"es"},{"@type":"Organization","@id":"https:\/\/www.graficascondal.com\/#organization","name":"Gr\u00e1ficas Condal SA","alternateName":"Gr\u00e1ficas Condal","url":"https:\/\/www.graficascondal.com\/","logo":{"@type":"ImageObject","inLanguage":"es","@id":"https:\/\/www.graficascondal.com\/#\/schema\/logo\/image\/","url":"https:\/\/www.graficascondal.com\/wp-content\/uploads\/2023\/10\/logoGC-1.png","contentUrl":"https:\/\/www.graficascondal.com\/wp-content\/uploads\/2023\/10\/logoGC-1.png","width":2048,"height":2183,"caption":"Gr\u00e1ficas Condal SA"},"image":{"@id":"https:\/\/www.graficascondal.com\/#\/schema\/logo\/image\/"},"sameAs":["https:\/\/www.linkedin.com\/company\/graficas-condal-s-a-\/"]}]}},"uagb_featured_image_src":{"full":false,"thumbnail":false,"medium":false,"medium_large":false,"large":false,"1536x1536":false,"2048x2048":false},"uagb_author_info":{"display_name":"admin8644","author_link":"https:\/\/www.graficascondal.com\/index.php\/author\/admin8644\/"},"uagb_comment_info":0,"uagb_excerpt":"Pol\u00edtica de Privacidad El sitio web https:\/\/www.graficascondal.com\/ es propiedad de Gr\u00e1ficas Condal, SA, en lo sucesivo, la empresa. La presente pol\u00edtica de privacidad tiene por objeto proporcionar informaci\u00f3n sobre c\u00f3mo la empresa trata sus datos personales de acuerdo con la normativa vigente en materia de protecci\u00f3n de datos de car\u00e1cter personal. Responsable del Tratamiento La&hellip;","rttpg_featured_image_url":null,"rttpg_author":{"display_name":"admin8644","author_link":"https:\/\/www.graficascondal.com\/index.php\/author\/admin8644\/"},"rttpg_comment":0,"rttpg_category":" <a href=\"https:\/\/www.graficascondal.com\/\" rel=\"tag\">Espa\u00f1ol<\/a>","rttpg_excerpt":"Pol\u00edtica de Privacidad El sitio web https:\/\/www.graficascondal.com\/ es propiedad de Gr\u00e1ficas Condal, SA, en lo sucesivo, la empresa. La presente pol\u00edtica de privacidad tiene por objeto proporcionar informaci\u00f3n sobre c\u00f3mo la empresa trata sus datos personales de acuerdo con la normativa vigente en materia de protecci\u00f3n de datos de car\u00e1cter personal. Responsable del Tratamiento La&hellip;","_links":{"self":[{"href":"https:\/\/www.graficascondal.com\/index.php\/wp-json\/wp\/v2\/pages\/1644","targetHints":{"allow":["GET"]}}],"collection":[{"href":"https:\/\/www.graficascondal.com\/index.php\/wp-json\/wp\/v2\/pages"}],"about":[{"href":"https:\/\/www.graficascondal.com\/index.php\/wp-json\/wp\/v2\/types\/page"}],"author":[{"embeddable":true,"href":"https:\/\/www.graficascondal.com\/index.php\/wp-json\/wp\/v2\/users\/1"}],"replies":[{"embeddable":true,"href":"https:\/\/www.graficascondal.com\/index.php\/wp-json\/wp\/v2\/comments?post=1644"}],"version-history":[{"count":17,"href":"https:\/\/www.graficascondal.com\/index.php\/wp-json\/wp\/v2\/pages\/1644\/revisions"}],"predecessor-version":[{"id":2855,"href":"https:\/\/www.graficascondal.com\/index.php\/wp-json\/wp\/v2\/pages\/1644\/revisions\/2855"}],"wp:attachment":[{"href":"https:\/\/www.graficascondal.com\/index.php\/wp-json\/wp\/v2\/media?parent=1644"}],"curies":[{"name":"wp","href":"https:\/\/api.w.org\/{rel}","templated":true}]}}